{"id":5565,"date":"2021-07-14T14:53:04","date_gmt":"2021-07-14T12:53:04","guid":{"rendered":"https:\/\/www.kelmis.be\/?page_id=5565"},"modified":"2021-07-16T09:54:19","modified_gmt":"2021-07-16T07:54:19","slug":"athenee-cesar-franck-la-calamine-ecole-primaire","status":"publish","type":"page","link":"https:\/\/www.kelmis.be\/fr\/vie-communale\/education\/athenee-cesar-franck-la-calamine-ecole-primaire","title":{"rendered":"Ath\u00e9n\u00e9e C\u00e9sar Franck La Calamine &#8211; \u00c9cole Primaire"},"content":{"rendered":"","protected":false},"excerpt":{"rendered":"","protected":false},"author":1,"featured_media":0,"parent":5535,"menu_order":70,"comment_status":"closed","ping_status":"closed","template":"default.php","meta":{"_acf_changed":false,"footnotes":""},"class_list":["post-5565","page","type-page","status-publish","hentry"],"acf":[],"_links":{"self":[{"href":"https:\/\/www.kelmis.be\/fr\/wp-json\/wp\/v2\/pages\/5565","targetHints":{"allow":["GET"]}}],"collection":[{"href":"https:\/\/www.kelmis.be\/fr\/wp-json\/wp\/v2\/pages"}],"about":[{"href":"https:\/\/www.kelmis.be\/fr\/wp-json\/wp\/v2\/types\/page"}],"author":[{"embeddable":true,"href":"https:\/\/www.kelmis.be\/fr\/wp-json\/wp\/v2\/users\/1"}],"replies":[{"embeddable":true,"href":"https:\/\/www.kelmis.be\/fr\/wp-json\/wp\/v2\/comments?post=5565"}],"version-history":[{"count":7,"href":"https:\/\/www.kelmis.be\/fr\/wp-json\/wp\/v2\/pages\/5565\/revisions"}],"predecessor-version":[{"id":5915,"href":"https:\/\/www.kelmis.be\/fr\/wp-json\/wp\/v2\/pages\/5565\/revisions\/5915"}],"up":[{"embeddable":true,"href":"https:\/\/www.kelmis.be\/fr\/wp-json\/wp\/v2\/pages\/5535"}],"wp:attachment":[{"href":"https:\/\/www.kelmis.be\/fr\/wp-json\/wp\/v2\/media?parent=5565"}],"curies":[{"name":"wp","href":"https:\/\/api.w.org\/{rel}","templated":true}]}}

Athénée César Franck La Calamine &#8211; École Primaire
